f 324 and 10512?
36
What is the highest common divisor of 68 and 1870?
34
Calculate the highest common divisor of 784 and 192.
16
Calculate the greatest common divisor of 11 and 2772.
11
Calculate the highest common factor of 301 and 7.
7
What is the highest common factor of 17 and 47?
1
Calculate the greatest common divisor of 2184 and 2262.
78
What is the highest common factor of 88 and 10?
2
Calculate the highest common factor of 12922 and 26.
26
What is the greatest common factor of 1001 and 63?
7
What is the highest common divisor of 55 and 220?
55
What is the highest common divisor of 42244 and 236?
236
Calculate the highest common factor of 134 and 3953.
67
What is the greatest common factor of 780 and 1690?
130
What is the greatest common divisor of 8 and 1776?
8
Calculate the highest common factor of 75 and 2955.
15
Calculate the greatest common divisor of 115 and 10.
5
Calculate the highest common divisor of 144 and 594.
18
What is the greatest common divisor of 9 and 24?
3
What is the highest common factor of 1164 and 679?
97
What is the highest common divisor of 200 and 80?
40
Calculate the highest common divisor of 650 and 78.
26
Calculate the greatest common divisor of 3 and 1707.
3
Calculate the highest common factor of 2135 and 21.
7
Calculate the highest common divisor of 77 and 14.
7
Calculate the greatest common factor of 9622 and 34.
34
Calculate the highest common factor of 91 and 91.
91
Calculate the greatest common divisor of 33 and 429.
33
Calculate the greatest common factor of 2299 and 484.
121
What is the highest common divisor of 1320 and 4290?
330
Calculate the highest common factor of 1400 and 25.
25
What is the highest common divisor of 60 and 540?
60
What is the greatest common divisor of 1886 and 246?
82
Calculate the highest common factor of 2889 and 27.
27
Calculate the highest common divisor of 13 and 173.
1
Calculate the greatest common factor of 88 and 1100.
44
Calculate the highest common divisor of 1310 and 40.
10
What is the greatest common divisor of 900 and 10?
10
What is the highest common factor of 11357 and 41?
41
What is the highest common divisor of 7 and 2471?
7
Calculate the highest common divisor of 272 and 7786.
34
What is the highest common divisor of 169 and 26?
13
Calculate the greatest common factor of 6 and 136.
2
Calculate the highest common divisor of 2016 and 7840.
224
Calculate the highest common factor of 24 and 128.
8
What is the highest common divisor of 42 and 14126?
14
What is the highest common factor of 273 and 1344?
21
What is the greatest common factor of 136035 and 45?
45
Calculate the highest common divisor of 93 and 682.
31
Calculate the greatest common factor of 5547 and 2064.
129
Calculate the highest common divisor of 3720 and 360.
120
Calculate the greatest common divisor of 35 and 1085.
35
Calculate the highest common divisor of 11 and 649.
11
Calculate the highest common divisor of 1460 and 10.
10
What is the highest common factor of 2533 and 1937?
149
What is the greatest common factor of 640 and 440?
40
What is the highest common factor of 288 and 36?
36
Calculate the greatest common factor of 2270 and 70.
10
What is the greatest common divisor of 356 and 88?
4
Calculate the highest common divisor of 57 and 741.
57
What is the greatest common factor of 16 and 172?
4
Calculate the highest common divisor of 420 and 1785.
105
What is the highest common divisor of 121 and 1936?
121
What is the highest common factor of 39 and 312?
39
Calculate the greatest common factor of 23464 and 14.
14
What is the highest common divisor of 98 and 1120?
14
Calculate the highest common factor of 27 and 31851.
9
What is the greatest common factor of 530 and 85?
5
What is the highest common divisor of 480 and 96?
96
What is the highest common factor of 1215 and 5?
5
Calculate the greatest common factor of 273 and 3.
3
Calculate the greatest common factor of 21 and 1848.
21
What is the greatest common divisor of 2016 and 48?
48
Calculate the greatest common divisor of 28 and 161.
7
What is the highest common factor of 70 and 3290?
70
What is the highest common factor of 32 and 37?
1
Calculate the greatest common factor of 145 and 580.
145
What is the highest common factor of 833 and 1029?
49
What is the greatest common divisor of 143 and 5434?
143
What is the greatest common divisor of 65 and 234?
13
Calculate the greatest common factor of 60 and 60.
60
What is the highest common factor of 89 and 712?
89
What is the greatest common divisor of 1440 and 3200?
160
What is the highest common divisor of 171 and 8379?
171
Calculate the highest common factor of 176 and 286.
22
Calculate the greatest common factor of 8 and 152.
8
Calculate the greatest common divisor of 392 and 49.
49
Calculate the greatest common factor of 2544 and 477.
159
Calculate the greatest common factor of 36 and 1359.
9
What is the highest common factor of 275 and 33?
11
Calculate the greatest common factor of 20 and 1390.
10
What is the greatest common divisor of 1143 and 127?
127
Calculate the highest common divisor of 44 and 3025.
11
What is the highest common divisor of 1804 and 88?
44
What is the greatest common factor of 4 and 22?
2
Calculate the highest common divisor of 5474 and 42.
14
Calculate the greatest common factor of 36 and 1080.
36
Calculate the greatest common divisor of 155 and 95.
5
What is the highest common factor of 1896 and 120?
24
What is the greatest common factor of 192 and 128?
64
Calculate the highest common factor of 4718 and 28.
14
Calculate the greatest common divisor of 420 and 1512.
84
What is the greatest common factor of 1680 and 21?
21
What is the highest common factor of 48 and 336?
48
What is the highest common divisor of 1800 and 48?
24
What is the highest common factor of 42 and 14?
14
What is the greatest common divisor of 408 and 2328?
24
Calculate the greatest common divisor of 54 and 1176.
6
Calculate the greatest common factor of 76 and 38.
38
Calculate the greatest common divisor of 17 and 6086.
17
Calculate the highest common divisor of 105 and 135.
15
What is the highest common factor of 102 and 21?
3
Calculate the greatest common divisor of 378 and 7749.
189
What is the greatest common divisor of 20 and 540?
20
Calculate the highest common divisor of 24 and 888.
24
What is the greatest common divisor of 72 and 120?
24
Calculate the greatest common divisor of 2599 and 1808.
113
Calculate the greatest common divisor of 220 and 132.
44
Calculate the greatest common factor of 28 and 2786.
14
Calculate the greatest common factor of 7238 and 14.
14
What is the greatest common factor of 122 and 38?
2
What is the greatest common factor of 5142 and 9?
3
Calculate the greatest common factor of 680 and 5950.
170
What is the greatest common divisor of 30 and 1425?
15
What is the greatest common factor of 689 and 53?
53
What is the highest common divisor of 33 and 1524?
3
What is the greatest common factor of 20 and 15?
5
What is the greatest common factor of 17384 and 106?
106
What is the greatest common factor of 200 and 3125?
25
What is the greatest common divisor of 4800 and 576?
192
Calculate the greatest common divisor of 425 and 25.
25
What is the highest common factor of 966 and 462?
42
What is the highest common factor of 6520 and 80?
40
What is the highest common divisor of 2 and 1483?
1
Calculate the highest common divisor of 23221 and 11.
11
What is the highest common factor of 350 and 300?
50
Calculate the greatest common divisor of 26147 and 11.
11
Calculate the highest common factor of 135 and 999.
27
Calculate the highest common divisor of 2 and 2333.
1
What is the highest common divisor of 62 and 682?
62
What is the greatest common divisor of 250 and 50?
50
What is the greatest common factor of 85 and 15?
5
Calculate the highest common factor of 29942 and 66.
22
Calculate the greatest common factor of 13054 and 321.
107
Calculate the highest common divisor of 814 and 1554.
74
Calculate the highest common factor of 116 and 261.
29
What is the highest common factor of 10624 and 48?
16
What is the greatest common divisor of 28 and 11788?
28
What is the highest common divisor of 464 and 29?
29
What is the greatest common divisor of 92 and 5474?
46
Calculate the hig